16) in base 8?
1434
Convert -1379 (base 11) to base 14.
-912
What is -123 (base 13) in base 9?
-240
Convert 24603 (base 7) to base 4.
1211013
12775 (base 9) to base 2
10000111001110
Convert -100545 (base 7) to base 4.
-10022331
Convert -233240 (base 6) to base 13.
-9258
Convert -4582 (base 9) to base 3.
-11122202
What is 879 (base 11) in base 7?
3034
Convert -500 (base 10) to base 11.
-415
1013 (base 6) to base 16
e1
Convert 550 (base 6) to base 14.
110
Convert -1030 (base 11) to base 13.
-80c
What is -6860 (base 9) in base 4?
-1033110
What is 126 (base 8) in base 12?
72
Convert 72272 (base 10) to base 12.
359a8
-1b8 (base 13) to base 5
-2240
What is -41414 (base 5) in base 16?
-aae
What is 35d (base 15) in base 11?
634
-435 (base 11) to base 3
-201100
-62a (base 14) to base 11
-a04
Convert -12203331 (base 4) to base 10.
-26877
What is 1108 (base 9) in base 10?
818
What is -5502 (base 7) in base 4?
-132222
Convert -19ab (base 16) to base 11.
-4a34
What is 2406 (base 7) in base 10?
888
What is a04 (base 14) in base 9?
2622
What is 933 (base 15) in base 13?
c36
-1e62 (base 15) to base 12
-39b5
Convert -26840 (base 13) to base 6.
-1311552
What is -248 (base 15) in base 10?
-518
Convert 2b8b (base 13) to base 2.
1100011100000
-576 (base 16) to base 10
-1398
Convert -373 (base 15) to base 14.
-3dd
18460 (base 9) to base 5
402041
-3253 (base 6) to base 15
-353
What is -1000101011110100 (base 2) in base 6?
-432404
-167a (base 11) to base 14
-ad2
-106 (base 7) to base 9
-61
Convert -2648 (base 12) to base 13.
-1cb8
-4a0 (base 14) to base 7
-2460
Convert -4a7 (base 13) to base 16.
-32d
-1473 (base 8) to base 11
-692
-2e6 (base 15) to base 12
-476
Convert 1011011000010 (base 2) to base 15.
1ad6
What is 1100301 (base 4) in base 13?
2478
-11b3 (base 15) to base 16
-eb8
47481 (base 10) to base 3
2102010120
Convert -1220 (base 5) to base 2.
-10111001
Convert 231 (base 16) to base 14.
2c1
What is -1041 (base 11) in base 13?
-81b
-17348 (base 11) to base 15
-734d
What is 4705 (base 8) in base 4?
213011
-1266 (base 8) to base 7
-2011
Convert -23043 (base 10) to base 9.
-34543
What is -5628 (base 16) in base 15?
-6806
Convert -13f (base 16) to base 14.
-18b
What is 5043 (base 7) in base 9?
2350
What is -16a12 (base 11) in base 3?
-1012201100
2213220 (base 4) to base 9
15640
Convert -31 (base 5) to base 16.
-10
2693 (base 11) to base 13
1786
10532 (base 6) to base 15
69b
Convert 3042 (base 6) to base 13.
3cb
104403 (base 5) to base 11
288a
24238 (base 9) to base 14
5cb9
What is 235b (base 14) in base 5?
144112
-10111010 (base 2) to base 7
-354
What is 1031 (base 11) in base 15?
610
-10112210 (base 3) to base 7
-10353
68 (base 15) to base 8
142
Convert -7535 (base 16) to base 15.
-8d55
554 (base 6) to base 7
424
What is -3172 (base 10) in base 12?
-1a04
2183 (base 9) to base 3
2012210
What is -43 (base 9) in base 15?
-29
128 (base 15) to base 5
2023
What is -13a7 (base 16) in base 4?
-1032213
What is -1c9b (base 14) in base 11?
-3a28
46230 (base 7) to base 10
11781
What is 6042 (base 7) in base 6?
13400
What is -4626 (base 9) in base 4?
-311202
What is 272 (base 15) in base 12?
3a5
Convert 487 (base 14) to base 12.
633
-111223 (base 4) to base 16
-56b
17427 (base 9) to base 11
9031
What is 2e (base 15) in base 8?
54
What is 20340 (base 5) in base 12?
941
What is -286 (base 9) in base 3?
-22220
211110 (base 3) to base 7
1524
7e1 (base 16) to base 15
8e7
What is 1050 (base 13) in base 8?
4326
Convert 171 (base 10) to base 2.
10101011
-1010011011101010 (base 2) to base 12
-2088a
Convert -23a (base 12) to base 4.
-11032
Convert 32410 (base 8) to base 9.
20554
Convert -2b71b (base 12) to base 13.
-21cc8
What is -143343 (base 5) in base 3?
-22100212
Convert 305 (base 11) to base 12.
268
110101111 (base 2) to base 7
1154
113535 (base 8) to base 3
1222011011
-11e2 (base 16) to base 5
-121303
Convert 1837c (base 15) to base 3.
10222120100
What is -8c25 (base 14) in base 6?
-304401
What is -1203 (base 10) in base 16?
-4b3
Convert -146521 (base 7) to base 2.
-111000000111001
Convert -6063 (base 11) to base 2.
-1111101110111
What is b275 (base 15) in base 3?
1220200202
Convert -42101 (base 5) to base 2.
-101011011000
What is 185b (base 13) in base 8?
7051
What is 2211020 (base 4) in base 2?
10100101001000
What is 94b3 (base 13) in base 10?
20595
Convert 1210100 (base 3) to base 13.
795
What is -4737 (base 8) in base 5?
-40102
Convert -5861 (base 14) to base 15.
-484d
Convert 2488 (base 9) to base 8.
3506
-113306 (base 7) to base 9
-30865
What is -132010 (base 4) in base 8?
-3604
11d7 (base 14) to base 12
1989
What is 26d (base 14) in base 4?
13221
-251 (base 15) to base 9
-644
1321 (base 10) to base 4
110221
-16560 (base 7) to base 2
-1001010001010
Convert 103230 (base 4) to base 7.
3450
What is 48b (base 16) in base 3?
1121002
Convert 12021 (base 4) to base 7.
1101
What is -37642 (base 9) in base 15?
-7775
What is 11055 (base 8) in base 11?
3550
What is -11225 (base 7) in base 9?
-3828
Convert -391 (base 13) to base 6.
-2521
What is 10000000110 (base 2) in base 5?
13110
Convert 507 (base 10) to base 12.
363
1011020200 (base 3) to base 12
11223
Convert 497 (base 10) to base 15.
232
Convert -6bd (base 15) to base 13.
-907
What is 2c1b (base 13) in base 3?
22211202
-52100 (base 7) to base 4
-3013010
Convert -66650 (base 8) to base 5.
-1344242
Convert -42c (base 13) to base 3.
-222110
What is -411 (base 12) in base 5?
-4324
What is 12332 (base 8) in base 12?
310a
Convert -37d5 (base 14) to base 2.
-10011000111111
Convert -10a86 (base 12) to base 11.
-15813
What is -5258 (base 9) in base 13?
-19ac
-1bb3 (base 15) to base 9
-8226
What is -5101 (base 6) in base 13?
-67c
520 (base 11) to base 3
212020
What is -6082 (base 11) in base 8?
-17614
2162 (base 7) to base 13
47c
What is 10795 (base 10) in base 2?
10101000101011
What is 243005 (base 6) in base 13?
9974
31322132 (base 4) to base 9
86152
100120 (base 3) to base 12
196
118 (base 12) to base 8
244
What is 2061 (base 7) in base 8?
1331
Convert -1110010 (base 2) to base 10.
-114
Convert 2031 (base 4) to base 11.
119
What is 12111122 (base 3) in base 7?
14462
Convert 329 (base 11) to base 13.
244
Convert -13121 (base 4) to base 14.
-25b
Convert bb8a (base 13) to base 15.
7b2a
-342 (base 9) to base 4
-10121
What is 6e9 (base 15) in base 5?
22234
Convert -1001100110111 (base 2) to base 3.
-20202012
What is 30171 (base 9) in base 6?
231444
Convert -55 (base 13) to base 6.
-154
What is -3e8 (base 16) in base 2?
-1111101000
18158 (base 15) to base 4
103001231
1110000101110 (base 2) to base 4
1300232
1630 (base 14) to base 2
111101111010
-1b8 (base 13) to base 15
-165
Convert 2378 (base 10) to base 2.
100101001010
Convert 10121 (base 4) to base 8.
431
What is 33204 (base 5) in base 13?
1083
Convert 44654 (base 7) to base 6.
124205
What is 221020112 (base 3) in base 2?
100011111100001
-620 (base 10) to base 12
-438
Convert -3c50 (base 14) to base 3.
-112121121
What is 563 (base 7) in base 15?
145
-5a49 (base 11) to base 16
-1eee
What is -12600 (base 9) in base 13?
-3b43
Convert -5453 (base 13) to base 10.
-11729
Convert 110111101110 (base 2) to base 15.
10cb
-353 (base 16) to base 9
-1145
What is 431 (base 8) in base 12?
1b5
1316 (base 13) to base 3
10201212
Convert 459b (base 15) to base 3.
202021002
What is 353 (base 6) in base 10?
141
-565 (base 8) to base 4
-11311
Convert 377e (base 16) to base 8.
33576
58 (base 9) to base 2
110101
-8e (base 16) to base 14
-a2
Convert 6061 (base 7) to base 11.
1640
Convert 6873 (base 14) to base 11.
12695
Convert -441 (base 7) to base 4.
-3201
Convert 110110 (base 2) to base 14.
3c
Convert -12226 (base 8) to base 4.
-1102112
What is -2035 (base 6) in base 9?
-555
-100111011010100 (base 2) to base 13
-9254
439 (base 11) to base 14
298
1001021 (base 3) to base 4
23323
What is -40c (base 16) in base 2?
-10000001100
Convert 22 (base 14) to base 6.
50
1037 (base 8) to base 4
20133
Convert -110111000 (base 2) to base 16.
-1b8
Convert -702 (base 12) to base 16.
-3f2
Convert 245 (base 8) to base 11.
140
-866 (base 11) to base 5
-13130
Convert -1834 (base 12) to base 16.
-b68
-1367 (base 11) to base 2
-11011100111
-2995 (base 11) to base 4
-330033
-228a (base 11) to base 16
-bba
What is 137 (base 13) in 